{"id":2023,"date":"2024-03-05T15:24:20","date_gmt":"2024-03-05T14:24:20","guid":{"rendered":"https:\/\/tepuedeinteresar.cl\/umc\/?page_id=2023"},"modified":"2024-03-05T15:34:49","modified_gmt":"2024-03-05T14:34:49","slug":"camila-quiroga","status":"publish","type":"page","link":"https:\/\/tepuedeinteresar.cl\/umc\/camila-quiroga\/","title":{"rendered":"Camila Quiroga\u00a0"},"content":{"rendered":"\t\t<div data-elementor-type=\"wp-page\" data-elementor-id=\"2023\" class=\"elementor elementor-2023\" data-elementor-post-type=\"page\">\n\t\t\t\t<div data-particle_enable=\"false\" data-particle-mobile-disabled=\"false\" class=\"elementor-element elementor-element-dfb16da e-flex e-con-boxed e-con e-parent\" data-id=\"dfb16da\" data-element_type=\"container\" data-e-type=\"container\" data-settings=\"{&quot;background_background&quot;:&quot;classic&quot;}\">\n\t\t\t\t\t<div class=\"e-con-inner\">\n\t\t<div data-particle_enable=\"false\" data-particle-mobile-disabled=\"false\" class=\"elementor-element elementor-element-679c54f5 e-con-full e-flex e-con e-child\" data-id=\"679c54f5\" data-element_type=\"container\" data-e-type=\"container\">\n\t\t\t\t<div class=\"elementor-element elementor-element-29f3f108 elementor-widget elementor-widget-heading\" data-id=\"29f3f108\" data-element_type=\"widget\" data-e-type=\"widget\" data-widget_type=\"heading.default\">\n\t\t\t\t<div class=\"elementor-widget-container\">\n\t\t\t\t\t<h2 class=\"elementor-heading-title elementor-size-default\">Camila Quiroga <\/h2>\t\t\t\t<\/div>\n\t\t\t\t<\/div>\n\t\t\t\t<div class=\"elementor-element elementor-element-7fc2f533 elementor-widget-divider--view-line elementor-widget elementor-widget-divider\" data-id=\"7fc2f533\" data-element_type=\"widget\" data-e-type=\"widget\" data-widget_type=\"divider.default\">\n\t\t\t\t<div class=\"elementor-widget-container\">\n\t\t\t\t\t\t\t<div class=\"elementor-divider\">\n\t\t\t<span class=\"elementor-divider-separator\">\n\t\t\t\t\t\t<\/span>\n\t\t<\/div>\n\t\t\t\t\t\t<\/div>\n\t\t\t\t<\/div>\n\t\t\t\t<\/div>\n\t\t<div data-particle_enable=\"false\" data-particle-mobile-disabled=\"false\" class=\"elementor-element elementor-element-6565b7e8 e-con-full e-flex e-con e-child\" data-id=\"6565b7e8\" data-element_type=\"container\" data-e-type=\"container\">\n\t\t\t\t<\/div>\n\t\t\t\t\t<\/div>\n\t\t\t\t<\/div>\n\t\t<div data-particle_enable=\"false\" data-particle-mobile-disabled=\"false\" class=\"elementor-element elementor-element-6543fdbd e-flex e-con-boxed e-con e-parent\" data-id=\"6543fdbd\" data-element_type=\"container\" data-e-type=\"container\">\n\t\t\t\t\t<div class=\"e-con-inner\">\n\t\t\t\t<div class=\"elementor-element elementor-element-555fbd5a elementor-widget elementor-widget-text-editor\" data-id=\"555fbd5a\" data-element_type=\"widget\" data-e-type=\"widget\" data-widget_type=\"text-editor.default\">\n\t\t\t\t<div class=\"elementor-widget-container\">\n\t\t\t\t\t\t\t\t\t<p>\u201cEstudi\u00e9 bellas artes en la universidad Arcis y pertenezco a la generaci\u00f3n del 90. Mi pintura trata de tem\u00e1ticas sociales, pol\u00edticas y de g\u00e9nero y, en la traducci\u00f3n pict\u00f3rica, me interesa el color, la mancha y sobre todo la creaci\u00f3n de la atm\u00f3sfera, que es finalmente lo representado en la pintura. Nacionalmente obtuve la beca FONDART en dos ocasiones 1999 y 2005, e internacionalmente fui seleccionada para la apertura de la feria de arte LINEART 2008, Gant, B\u00e9lgica.<\/p><p>El 2014 realic\u00e9 una residencia de artista en Abarth \u2013 Work Museum (B\u00e9lgica), donde finalmente hice una exposici\u00f3n \u201cRed escorpio\u201d, en el castillo de Savigny- l\u00e8s \u2013 Beaune,(Francia). He colaborado en la realizaci\u00f3n de escenograf\u00edas en obras teatrales, Universidad Cat\u00f3lica en Demian@ y en el festival de cine internacional de Valdivia, 2019 con el documental \u201d El viaje de Monalisa\u201d de Nicole Acosta. Durante mayo a julio del 2022, realic\u00e9 una residencia de artista en Puppentheater \u2013 Museum Berl\u00edn que finaliz\u00f3 con una exposici\u00f3n \u201cLa silla de BERL\u00cdN\u201d, hasta abril 2023\u2033.<\/p>\t\t\t\t\t\t\t\t<\/div>\n\t\t\t\t<\/div>\n\t\t\t\t\t<\/div>\n\t\t\t\t<\/div>\n\t\t<div data-particle_enable=\"false\" data-particle-mobile-disabled=\"false\" class=\"elementor-element elementor-element-280049d1 e-flex e-con-boxed e-con e-parent\" data-id=\"280049d1\" data-element_type=\"container\" data-e-type=\"container\">\n\t\t\t\t\t<div class=\"e-con-inner\">\n\t\t<div data-particle_enable=\"false\" data-particle-mobile-disabled=\"false\" class=\"elementor-element elementor-element-40174b76 e-con-full e-flex e-con e-child\" data-id=\"40174b76\" data-element_type=\"container\" data-e-type=\"container\">\n\t\t<div data-particle_enable=\"false\" data-particle-mobile-disabled=\"false\" class=\"elementor-element elementor-element-34f811e1 e-flex e-con-boxed e-con e-child\" data-id=\"34f811e1\" data-element_type=\"container\" data-e-type=\"container\">\n\t\t\t\t\t<div class=\"e-con-inner\">\n\t\t\t\t<div class=\"elementor-element elementor-element-52c85166 elementor-widget elementor-widget-image\" data-id=\"52c85166\" data-element_type=\"widget\" data-e-type=\"widget\" data-widget_type=\"image.default\">\n\t\t\t\t<div class=\"elementor-widget-container\">\n\t\t\t\t\t\t\t\t\t\t\t\t\t\t\t<img fetchpriority=\"high\" decoding=\"async\" width=\"300\" height=\"220\" src=\"https:\/\/tepuedeinteresar.cl\/umc\/wp-content\/uploads\/2024\/03\/calle-1-oleo-sobre-papel-53x72-300x220-1.jpg\" class=\"attachment-large size-large wp-image-2036\" alt=\"\" \/>\t\t\t\t\t\t\t\t\t\t\t\t\t\t\t<\/div>\n\t\t\t\t<\/div>\n\t\t\t\t<div class=\"elementor-element elementor-element-2161e1c9 elementor-widget elementor-widget-text-editor\" data-id=\"2161e1c9\" data-element_type=\"widget\" data-e-type=\"widget\" data-widget_type=\"text-editor.default\">\n\t\t\t\t<div class=\"elementor-widget-container\">\n\t\t\t\t\t\t\t\t\t<h2 class=\"wpb_heading wpb_singleimage_heading\">Calle 1<\/h2>\t\t\t\t\t\t\t\t<\/div>\n\t\t\t\t<\/div>\n\t\t\t\t\t<\/div>\n\t\t\t\t<\/div>\n\t\t<div data-particle_enable=\"false\" data-particle-mobile-disabled=\"false\" class=\"elementor-element elementor-element-6e255c64 e-flex e-con-boxed e-con e-child\" data-id=\"6e255c64\" data-element_type=\"container\" data-e-type=\"container\">\n\t\t\t\t\t<div class=\"e-con-inner\">\n\t\t\t\t<div class=\"elementor-element elementor-element-5dd8b9d9 elementor-widget elementor-widget-image\" data-id=\"5dd8b9d9\" data-element_type=\"widget\" data-e-type=\"widget\" data-widget_type=\"image.default\">\n\t\t\t\t<div class=\"elementor-widget-container\">\n\t\t\t\t\t\t\t\t\t\t\t\t\t\t\t<img decoding=\"async\" width=\"252\" height=\"300\" src=\"https:\/\/tepuedeinteresar.cl\/umc\/wp-content\/uploads\/2024\/03\/calle-2-oleo-sobre-papel-100x87-252x300-1.jpg\" class=\"attachment-large size-large wp-image-2035\" alt=\"\" \/>\t\t\t\t\t\t\t\t\t\t\t\t\t\t\t<\/div>\n\t\t\t\t<\/div>\n\t\t\t\t<div class=\"elementor-element elementor-element-51b22877 elementor-widget elementor-widget-text-editor\" data-id=\"51b22877\" data-element_type=\"widget\" data-e-type=\"widget\" data-widget_type=\"text-editor.default\">\n\t\t\t\t<div class=\"elementor-widget-container\">\n\t\t\t\t\t\t\t\t\t<h2 class=\"wpb_heading wpb_singleimage_heading\">Calle 2<\/h2>\t\t\t\t\t\t\t\t<\/div>\n\t\t\t\t<\/div>\n\t\t\t\t\t<\/div>\n\t\t\t\t<\/div>\n\t\t<div data-particle_enable=\"false\" data-particle-mobile-disabled=\"false\" class=\"elementor-element elementor-element-379bc78 e-flex e-con-boxed e-con e-child\" data-id=\"379bc78\" data-element_type=\"container\" data-e-type=\"container\">\n\t\t\t\t\t<div class=\"e-con-inner\">\n\t\t\t\t<div class=\"elementor-element elementor-element-60de31ff elementor-widget elementor-widget-image\" data-id=\"60de31ff\" data-element_type=\"widget\" data-e-type=\"widget\" data-widget_type=\"image.default\">\n\t\t\t\t<div class=\"elementor-widget-container\">\n\t\t\t\t\t\t\t\t\t\t\t\t\t\t\t<img decoding=\"async\" width=\"300\" height=\"287\" src=\"https:\/\/tepuedeinteresar.cl\/umc\/wp-content\/uploads\/2024\/03\/La-plegaria-oleo-sobre-tela-y-costura.-300x300-300x287-1.jpg\" class=\"attachment-large size-large wp-image-2034\" alt=\"\" \/>\t\t\t\t\t\t\t\t\t\t\t\t\t\t\t<\/div>\n\t\t\t\t<\/div>\n\t\t\t\t<div class=\"elementor-element elementor-element-3b92d1f7 elementor-widget elementor-widget-text-editor\" data-id=\"3b92d1f7\" data-element_type=\"widget\" data-e-type=\"widget\" data-widget_type=\"text-editor.default\">\n\t\t\t\t<div class=\"elementor-widget-container\">\n\t\t\t\t\t\t\t\t\t<h2 class=\"wpb_heading wpb_singleimage_heading\">La Plegaria<\/h2>\t\t\t\t\t\t\t\t<\/div>\n\t\t\t\t<\/div>\n\t\t\t\t\t<\/div>\n\t\t\t\t<\/div>\n\t\t\t\t<\/div>\n\t\t<div data-particle_enable=\"false\" data-particle-mobile-disabled=\"false\" class=\"elementor-element elementor-element-ec9cd52 e-con-full e-flex e-con e-child\" data-id=\"ec9cd52\" data-element_type=\"container\" data-e-type=\"container\">\n\t\t<div data-particle_enable=\"false\" data-particle-mobile-disabled=\"false\" class=\"elementor-element elementor-element-dadbb33 e-flex e-con-boxed e-con e-child\" data-id=\"dadbb33\" data-element_type=\"container\" data-e-type=\"container\">\n\t\t\t\t\t<div class=\"e-con-inner\">\n\t\t\t\t<div class=\"elementor-element elementor-element-a2c99f2 elementor-widget elementor-widget-image\" data-id=\"a2c99f2\" data-element_type=\"widget\" data-e-type=\"widget\" data-widget_type=\"image.default\">\n\t\t\t\t<div class=\"elementor-widget-container\">\n\t\t\t\t\t\t\t\t\t\t\t\t\t\t\t<img loading=\"lazy\" decoding=\"async\" width=\"249\" height=\"300\" src=\"https:\/\/tepuedeinteresar.cl\/umc\/wp-content\/uploads\/2024\/03\/oleo-sobre-tela-4-partes-de-60x50cm-249x300-1.jpg\" class=\"attachment-large size-large wp-image-2033\" alt=\"\" \/>\t\t\t\t\t\t\t\t\t\t\t\t\t\t\t<\/div>\n\t\t\t\t<\/div>\n\t\t\t\t<div class=\"elementor-element elementor-element-81c69ff elementor-widget elementor-widget-text-editor\" data-id=\"81c69ff\" data-element_type=\"widget\" data-e-type=\"widget\" data-widget_type=\"text-editor.default\">\n\t\t\t\t<div class=\"elementor-widget-container\">\n\t\t\t\t\t\t\t\t\t<h2 class=\"wpb_heading wpb_singleimage_heading\">4 Partes<\/h2>\t\t\t\t\t\t\t\t<\/div>\n\t\t\t\t<\/div>\n\t\t\t\t\t<\/div>\n\t\t\t\t<\/div>\n\t\t<div data-particle_enable=\"false\" data-particle-mobile-disabled=\"false\" class=\"elementor-element elementor-element-391e703 e-flex e-con-boxed e-con e-child\" data-id=\"391e703\" data-element_type=\"container\" data-e-type=\"container\">\n\t\t\t\t\t<div class=\"e-con-inner\">\n\t\t\t\t<div class=\"elementor-element elementor-element-9adcfa4 elementor-widget elementor-widget-image\" data-id=\"9adcfa4\" data-element_type=\"widget\" data-e-type=\"widget\" data-widget_type=\"image.default\">\n\t\t\t\t<div class=\"elementor-widget-container\">\n\t\t\t\t\t\t\t\t\t\t\t\t\t\t\t<img loading=\"lazy\" decoding=\"async\" width=\"300\" height=\"253\" src=\"https:\/\/tepuedeinteresar.cl\/umc\/wp-content\/uploads\/2024\/03\/Sanhattan-159x220-oleo-sobre-papel-118g-300x253-1.jpg\" class=\"attachment-large size-large wp-image-2032\" alt=\"\" \/>\t\t\t\t\t\t\t\t\t\t\t\t\t\t\t<\/div>\n\t\t\t\t<\/div>\n\t\t\t\t<div class=\"elementor-element elementor-element-761581a elementor-widget elementor-widget-text-editor\" data-id=\"761581a\" data-element_type=\"widget\" data-e-type=\"widget\" data-widget_type=\"text-editor.default\">\n\t\t\t\t<div class=\"elementor-widget-container\">\n\t\t\t\t\t\t\t\t\t<h2 class=\"wpb_heading wpb_singleimage_heading\">Sanhattan<\/h2>\t\t\t\t\t\t\t\t<\/div>\n\t\t\t\t<\/div>\n\t\t\t\t\t<\/div>\n\t\t\t\t<\/div>\n\t\t<div data-particle_enable=\"false\" data-particle-mobile-disabled=\"false\" class=\"elementor-element elementor-element-17710bf e-flex e-con-boxed e-con e-child\" data-id=\"17710bf\" data-element_type=\"container\" data-e-type=\"container\">\n\t\t\t\t\t<div class=\"e-con-inner\">\n\t\t\t\t<div class=\"elementor-element elementor-element-fe887d3 elementor-widget elementor-widget-image\" data-id=\"fe887d3\" data-element_type=\"widget\" data-e-type=\"widget\" data-widget_type=\"image.default\">\n\t\t\t\t<div class=\"elementor-widget-container\">\n\t\t\t\t\t\t\t\t\t\t\t\t\t\t\t<img loading=\"lazy\" decoding=\"async\" width=\"205\" height=\"300\" src=\"https:\/\/tepuedeinteresar.cl\/umc\/wp-content\/uploads\/2024\/03\/Monalisa-en-el-Sur-159x108-oleo-sobre-papel-118g-205x300-1.jpg\" class=\"attachment-large size-large wp-image-2031\" alt=\"\" \/>\t\t\t\t\t\t\t\t\t\t\t\t\t\t\t<\/div>\n\t\t\t\t<\/div>\n\t\t\t\t<div class=\"elementor-element elementor-element-943b0ef elementor-widget elementor-widget-text-editor\" data-id=\"943b0ef\" data-element_type=\"widget\" data-e-type=\"widget\" data-widget_type=\"text-editor.default\">\n\t\t\t\t<div class=\"elementor-widget-container\">\n\t\t\t\t\t\t\t\t\t<h2 class=\"wpb_heading wpb_singleimage_heading\">Monalisa<\/h2>\t\t\t\t\t\t\t\t<\/div>\n\t\t\t\t<\/div>\n\t\t\t\t\t<\/div>\n\t\t\t\t<\/div>\n\t\t\t\t<\/div>\n\t\t<div data-particle_enable=\"false\" data-particle-mobile-disabled=\"false\" class=\"elementor-element elementor-element-bc97eae e-con-full e-flex e-con e-child\" data-id=\"bc97eae\" data-element_type=\"container\" data-e-type=\"container\">\n\t\t<div data-particle_enable=\"false\" data-particle-mobile-disabled=\"false\" class=\"elementor-element elementor-element-0aab0a2 e-flex e-con-boxed e-con e-child\" data-id=\"0aab0a2\" data-element_type=\"container\" data-e-type=\"container\">\n\t\t\t\t\t<div class=\"e-con-inner\">\n\t\t\t\t<div class=\"elementor-element elementor-element-645f71a elementor-widget elementor-widget-image\" data-id=\"645f71a\" data-element_type=\"widget\" data-e-type=\"widget\" data-widget_type=\"image.default\">\n\t\t\t\t<div class=\"elementor-widget-container\">\n\t\t\t\t\t\t\t\t\t\t\t\t\t\t\t<img loading=\"lazy\" decoding=\"async\" width=\"163\" height=\"300\" src=\"https:\/\/tepuedeinteresar.cl\/umc\/wp-content\/uploads\/2024\/03\/Alto-hospicio-en-desfile-181x109-oleo-sobre-papel-118g-163x300-1.jpg\" class=\"attachment-large size-large wp-image-2030\" alt=\"\" \/>\t\t\t\t\t\t\t\t\t\t\t\t\t\t\t<\/div>\n\t\t\t\t<\/div>\n\t\t\t\t<div class=\"elementor-element elementor-element-3de87ea elementor-widget elementor-widget-text-editor\" data-id=\"3de87ea\" data-element_type=\"widget\" data-e-type=\"widget\" data-widget_type=\"text-editor.default\">\n\t\t\t\t<div class=\"elementor-widget-container\">\n\t\t\t\t\t\t\t\t\t<h2 class=\"wpb_heading wpb_singleimage_heading\" style=\"margin: 0px 0px 32px; font-family: 'Open Sans', sans-serif; line-height: 40px; color: #212529; font-size: 30px;\">Alto hospicio en desfile<\/h2>\t\t\t\t\t\t\t\t<\/div>\n\t\t\t\t<\/div>\n\t\t\t\t\t<\/div>\n\t\t\t\t<\/div>\n\t\t<div data-particle_enable=\"false\" data-particle-mobile-disabled=\"false\" class=\"elementor-element elementor-element-80b3e1b e-flex e-con-boxed e-con e-child\" data-id=\"80b3e1b\" data-element_type=\"container\" data-e-type=\"container\">\n\t\t\t\t\t<div class=\"e-con-inner\">\n\t\t\t\t<div class=\"elementor-element elementor-element-45c82bf elementor-widget elementor-widget-image\" data-id=\"45c82bf\" data-element_type=\"widget\" data-e-type=\"widget\" data-widget_type=\"image.default\">\n\t\t\t\t<div class=\"elementor-widget-container\">\n\t\t\t\t\t\t\t\t\t\t\t\t\t\t\t<img loading=\"lazy\" decoding=\"async\" width=\"300\" height=\"283\" src=\"https:\/\/tepuedeinteresar.cl\/umc\/wp-content\/uploads\/2024\/03\/Bandera-167x177-oleo-sobre-tela-300x283-1.jpg\" class=\"attachment-large size-large wp-image-2029\" alt=\"\" \/>\t\t\t\t\t\t\t\t\t\t\t\t\t\t\t<\/div>\n\t\t\t\t<\/div>\n\t\t\t\t<div class=\"elementor-element elementor-element-facbbe7 elementor-widget elementor-widget-text-editor\" data-id=\"facbbe7\" data-element_type=\"widget\" data-e-type=\"widget\" data-widget_type=\"text-editor.default\">\n\t\t\t\t<div class=\"elementor-widget-container\">\n\t\t\t\t\t\t\t\t\t<h2 class=\"wpb_heading wpb_singleimage_heading\">Bandera<\/h2>\t\t\t\t\t\t\t\t<\/div>\n\t\t\t\t<\/div>\n\t\t\t\t\t<\/div>\n\t\t\t\t<\/div>\n\t\t<div data-particle_enable=\"false\" data-particle-mobile-disabled=\"false\" class=\"elementor-element elementor-element-1e650d4 e-flex e-con-boxed e-con e-child\" data-id=\"1e650d4\" data-element_type=\"container\" data-e-type=\"container\">\n\t\t\t\t\t<div class=\"e-con-inner\">\n\t\t\t\t<div class=\"elementor-element elementor-element-dd382a7 elementor-widget elementor-widget-image\" data-id=\"dd382a7\" data-element_type=\"widget\" data-e-type=\"widget\" data-widget_type=\"image.default\">\n\t\t\t\t<div class=\"elementor-widget-container\">\n\t\t\t\t\t\t\t\t\t\t\t\t\t\t\t<img loading=\"lazy\" decoding=\"async\" width=\"300\" height=\"284\" src=\"https:\/\/tepuedeinteresar.cl\/umc\/wp-content\/uploads\/2024\/03\/Margaritas-oleo-sobre-tela-y-costuras.-300x300-300x284-1.jpg\" class=\"attachment-large size-large wp-image-2028\" alt=\"\" \/>\t\t\t\t\t\t\t\t\t\t\t\t\t\t\t<\/div>\n\t\t\t\t<\/div>\n\t\t\t\t<div class=\"elementor-element elementor-element-071bc58 elementor-widget elementor-widget-text-editor\" data-id=\"071bc58\" data-element_type=\"widget\" data-e-type=\"widget\" data-widget_type=\"text-editor.default\">\n\t\t\t\t<div class=\"elementor-widget-container\">\n\t\t\t\t\t\t\t\t\t<h2 class=\"wpb_heading wpb_singleimage_heading\">Margaritas<\/h2>\t\t\t\t\t\t\t\t<\/div>\n\t\t\t\t<\/div>\n\t\t\t\t\t<\/div>\n\t\t\t\t<\/div>\n\t\t\t\t<\/div>\n\t\t<div data-particle_enable=\"false\" data-particle-mobile-disabled=\"false\" class=\"elementor-element elementor-element-13159ea7 e-con-full e-flex e-con e-child\" data-id=\"13159ea7\" data-element_type=\"container\" data-e-type=\"container\">\n\t\t<div data-particle_enable=\"false\" data-particle-mobile-disabled=\"false\" class=\"elementor-element elementor-element-3a4c9533 e-flex e-con-boxed e-con e-child\" data-id=\"3a4c9533\" data-element_type=\"container\" data-e-type=\"container\">\n\t\t\t\t\t<div class=\"e-con-inner\">\n\t\t\t\t<div class=\"elementor-element elementor-element-57c2cee4 elementor-widget elementor-widget-image\" data-id=\"57c2cee4\" data-element_type=\"widget\" data-e-type=\"widget\" data-widget_type=\"image.default\">\n\t\t\t\t<div class=\"elementor-widget-container\">\n\t\t\t\t\t\t\t\t\t\t\t\t\t\t\t<img loading=\"lazy\" decoding=\"async\" width=\"225\" height=\"300\" src=\"https:\/\/tepuedeinteresar.cl\/umc\/wp-content\/uploads\/2024\/03\/urgencia-2-oleo-sobre-pape-216x148-225x300-1.jpg\" class=\"attachment-large size-large wp-image-2027\" alt=\"\" \/>\t\t\t\t\t\t\t\t\t\t\t\t\t\t\t<\/div>\n\t\t\t\t<\/div>\n\t\t\t\t<div class=\"elementor-element elementor-element-3e688557 elementor-widget elementor-widget-text-editor\" data-id=\"3e688557\" data-element_type=\"widget\" data-e-type=\"widget\" data-widget_type=\"text-editor.default\">\n\t\t\t\t<div class=\"elementor-widget-container\">\n\t\t\t\t\t\t\t\t\t<h2 class=\"wpb_heading wpb_singleimage_heading\">Urgencia 2<\/h2>\t\t\t\t\t\t\t\t<\/div>\n\t\t\t\t<\/div>\n\t\t\t\t\t<\/div>\n\t\t\t\t<\/div>\n\t\t<div data-particle_enable=\"false\" data-particle-mobile-disabled=\"false\" class=\"elementor-element elementor-element-180a0e e-flex e-con-boxed e-con e-child\" data-id=\"180a0e\" data-element_type=\"container\" data-e-type=\"container\">\n\t\t\t\t\t<div class=\"e-con-inner\">\n\t\t\t\t<div class=\"elementor-element elementor-element-3ccb8baa elementor-widget elementor-widget-image\" data-id=\"3ccb8baa\" data-element_type=\"widget\" data-e-type=\"widget\" data-widget_type=\"image.default\">\n\t\t\t\t<div class=\"elementor-widget-container\">\n\t\t\t\t\t\t\t\t\t\t\t\t\t\t\t<img loading=\"lazy\" decoding=\"async\" width=\"300\" height=\"258\" src=\"https:\/\/tepuedeinteresar.cl\/umc\/wp-content\/uploads\/2024\/03\/oleo-sobre-tela-76x91-Revolcado2-300x258-1.jpg\" class=\"attachment-large size-large wp-image-2026\" alt=\"\" \/>\t\t\t\t\t\t\t\t\t\t\t\t\t\t\t<\/div>\n\t\t\t\t<\/div>\n\t\t\t\t<div class=\"elementor-element elementor-element-7a679ecd elementor-widget elementor-widget-text-editor\" data-id=\"7a679ecd\" data-element_type=\"widget\" data-e-type=\"widget\" data-widget_type=\"text-editor.default\">\n\t\t\t\t<div class=\"elementor-widget-container\">\n\t\t\t\t\t\t\t\t\t<h2 class=\"wpb_heading wpb_singleimage_heading\">Revolcado<\/h2>\t\t\t\t\t\t\t\t<\/div>\n\t\t\t\t<\/div>\n\t\t\t\t\t<\/div>\n\t\t\t\t<\/div>\n\t\t<div data-particle_enable=\"false\" data-particle-mobile-disabled=\"false\" class=\"elementor-element elementor-element-3caf98d2 e-flex e-con-boxed e-con e-child\" data-id=\"3caf98d2\" data-element_type=\"container\" data-e-type=\"container\">\n\t\t\t\t\t<div class=\"e-con-inner\">\n\t\t\t\t<div class=\"elementor-element elementor-element-132218d9 elementor-widget elementor-widget-image\" data-id=\"132218d9\" data-element_type=\"widget\" data-e-type=\"widget\" data-widget_type=\"image.default\">\n\t\t\t\t<div class=\"elementor-widget-container\">\n\t\t\t\t\t\t\t\t\t\t\t\t\t\t\t<img loading=\"lazy\" decoding=\"async\" width=\"300\" height=\"232\" src=\"https:\/\/tepuedeinteresar.cl\/umc\/wp-content\/uploads\/2024\/03\/fotos-y-pinturas-1-300x232-1.jpg\" class=\"attachment-large size-large wp-image-2025\" alt=\"\" \/>\t\t\t\t\t\t\t\t\t\t\t\t\t\t\t<\/div>\n\t\t\t\t<\/div>\n\t\t\t\t<div class=\"elementor-element elementor-element-6dad671d elementor-widget elementor-widget-text-editor\" data-id=\"6dad671d\" data-element_type=\"widget\" data-e-type=\"widget\" data-widget_type=\"text-editor.default\">\n\t\t\t\t<div class=\"elementor-widget-container\">\n\t\t\t\t\t\t\t\t\t<h2 class=\"wpb_heading wpb_singleimage_heading\">Fotos y Pinturas 1<\/h2>\t\t\t\t\t\t\t\t<\/div>\n\t\t\t\t<\/div>\n\t\t\t\t\t<\/div>\n\t\t\t\t<\/div>\n\t\t\t\t<\/div>\n\t\t\t\t\t<\/div>\n\t\t\t\t<\/div>\n\t\t\t\t<\/div>\n\t\t","protected":false},"excerpt":{"rendered":"<p>Camila Quiroga \u201cEstudi\u00e9 bellas artes en la universidad Arcis y pertenezco a la generaci\u00f3n del 90. Mi pintura trata de tem\u00e1ticas sociales, pol\u00edticas y de g\u00e9nero y, en la traducci\u00f3n pict\u00f3rica, me interesa el color, la mancha y sobre todo la creaci\u00f3n de la atm\u00f3sfera, que es finalmente lo representado en la pintura. Nacionalmente obtuve [&hellip;]<\/p>\n","protected":false},"author":1,"featured_media":0,"parent":0,"menu_order":0,"comment_status":"closed","ping_status":"closed","template":"elementor_header_footer","meta":{"footnotes":""},"class_list":["post-2023","page","type-page","status-publish","hentry"],"_links":{"self":[{"href":"https:\/\/tepuedeinteresar.cl\/umc\/wp-json\/wp\/v2\/pages\/2023"}],"collection":[{"href":"https:\/\/tepuedeinteresar.cl\/umc\/wp-json\/wp\/v2\/pages"}],"about":[{"href":"https:\/\/tepuedeinteresar.cl\/umc\/wp-json\/wp\/v2\/types\/page"}],"author":[{"embeddable":true,"href":"https:\/\/tepuedeinteresar.cl\/umc\/wp-json\/wp\/v2\/users\/1"}],"replies":[{"embeddable":true,"href":"https:\/\/tepuedeinteresar.cl\/umc\/wp-json\/wp\/v2\/comments?post=2023"}],"version-history":[{"count":4,"href":"https:\/\/tepuedeinteresar.cl\/umc\/wp-json\/wp\/v2\/pages\/2023\/revisions"}],"predecessor-version":[{"id":2039,"href":"https:\/\/tepuedeinteresar.cl\/umc\/wp-json\/wp\/v2\/pages\/2023\/revisions\/2039"}],"wp:attachment":[{"href":"https:\/\/tepuedeinteresar.cl\/umc\/wp-json\/wp\/v2\/media?parent=2023"}],"curies":[{"name":"wp","href":"https:\/\/api.w.org\/{rel}","templated":true}]}}