{"id":23153,"date":"2024-07-05T11:16:50","date_gmt":"2024-07-05T15:16:50","guid":{"rendered":"https:\/\/tepuedeinteresar.cl\/umc\/?page_id=23153"},"modified":"2024-07-05T11:19:36","modified_gmt":"2024-07-05T15:19:36","slug":"zona-postgrado-umc","status":"publish","type":"page","link":"https:\/\/tepuedeinteresar.cl\/umc\/zona-postgrado-umc\/","title":{"rendered":"Zona Postgrado UMC"},"content":{"rendered":"\t\t<div data-elementor-type=\"wp-page\" data-elementor-id=\"23153\" class=\"elementor elementor-23153\" data-elementor-post-type=\"page\">\n\t\t\t\t<div data-particle_enable=\"false\" data-particle-mobile-disabled=\"false\" class=\"elementor-element elementor-element-38a49270 e-flex e-con-boxed e-con e-parent\" data-id=\"38a49270\" data-element_type=\"container\" data-e-type=\"container\" data-settings=\"{&quot;background_background&quot;:&quot;classic&quot;}\">\n\t\t\t\t\t<div class=\"e-con-inner\">\n\t\t<div data-particle_enable=\"false\" data-particle-mobile-disabled=\"false\" class=\"elementor-element elementor-element-43da3795 e-con-full e-flex e-con e-child\" data-id=\"43da3795\" data-element_type=\"container\" data-e-type=\"container\">\n\t\t\t\t<div class=\"elementor-element elementor-element-157c4269 elementor-widget elementor-widget-heading\" data-id=\"157c4269\" data-element_type=\"widget\" data-e-type=\"widget\" data-widget_type=\"heading.default\">\n\t\t\t\t<div class=\"elementor-widget-container\">\n\t\t\t\t\t<h2 class=\"elementor-heading-title elementor-size-default\">Zona Postgrado UMC\n<\/h2>\t\t\t\t<\/div>\n\t\t\t\t<\/div>\n\t\t\t\t<div class=\"elementor-element elementor-element-323cc022 elementor-widget-divider--view-line elementor-widget elementor-widget-divider\" data-id=\"323cc022\" data-element_type=\"widget\" data-e-type=\"widget\" data-widget_type=\"divider.default\">\n\t\t\t\t<div class=\"elementor-widget-container\">\n\t\t\t\t\t\t\t<div class=\"elementor-divider\">\n\t\t\t<span class=\"elementor-divider-separator\">\n\t\t\t\t\t\t<\/span>\n\t\t<\/div>\n\t\t\t\t\t\t<\/div>\n\t\t\t\t<\/div>\n\t\t\t\t<\/div>\n\t\t<div data-particle_enable=\"false\" data-particle-mobile-disabled=\"false\" class=\"elementor-element elementor-element-59305bf e-con-full e-flex e-con e-child\" data-id=\"59305bf\" data-element_type=\"container\" data-e-type=\"container\">\n\t\t\t\t<\/div>\n\t\t\t\t\t<\/div>\n\t\t\t\t<\/div>\n\t\t<div data-particle_enable=\"false\" data-particle-mobile-disabled=\"false\" class=\"elementor-element elementor-element-10c1c27f e-flex e-con-boxed e-con e-parent\" data-id=\"10c1c27f\" data-element_type=\"container\" data-e-type=\"container\">\n\t\t\t\t\t<div class=\"e-con-inner\">\n\t\t\t\t\t<\/div>\n\t\t\t\t<\/div>\n\t\t<div data-particle_enable=\"false\" data-particle-mobile-disabled=\"false\" class=\"elementor-element elementor-element-3fd0b3f2 e-flex e-con-boxed e-con e-parent\" data-id=\"3fd0b3f2\" data-element_type=\"container\" data-e-type=\"container\">\n\t\t\t\t\t<div class=\"e-con-inner\">\n\t\t<div data-particle_enable=\"false\" data-particle-mobile-disabled=\"false\" class=\"elementor-element elementor-element-189c23b e-con-full e-flex e-con e-child\" data-id=\"189c23b\" data-element_type=\"container\" data-e-type=\"container\">\n\t\t\t\t<div class=\"elementor-element elementor-element-29205f10 elementor-widget elementor-widget-html\" data-id=\"29205f10\" data-element_type=\"widget\" data-e-type=\"widget\" data-widget_type=\"html.default\">\n\t\t\t\t<div class=\"elementor-widget-container\">\n\t\t\t\t\t<!DOCTYPE html>\r\n<html lang=\"es\">\r\n<head>\r\n<meta charset=\"UTF-8\">\r\n<meta name=\"viewport\" content=\"width=device-width, initial-scale=1.0\">\r\n<title>Acceso a Servicios de Internet Estudiantes<\/title>\r\n<link href=\"https:\/\/fonts.googleapis.com\/css2?family=Poppins:wght@400;600&display=swap\" rel=\"stylesheet\">\r\n<style>\r\n    .custom-form-container {\r\n        font-family: 'Poppins', sans-serif;\r\n        background: #fff;\r\n        padding: 40px;\r\n        border-radius: 8px;\r\n        box-shadow: 0 4px 6px rgba(0, 0, 0, 0.1);\r\n        max-width: 400px;\r\n        width: 100%;\r\n        box-sizing: border-box;\r\n        margin: 0 auto;\r\n    }\r\n    .custom-form-container h4 {\r\n        text-align: center;\r\n        margin-bottom: 30px;\r\n        font-weight: 600;\r\n    }\r\n    .form-group {\r\n        margin-bottom: 20px;\r\n    }\r\n    .form-group label {\r\n        display: block;\r\n        margin-bottom: 5px;\r\n        font-weight: 600;\r\n    }\r\n    .form-group input[type=\"text\"],\r\n    .form-group input[type=\"password\"],\r\n    .form-group select {\r\n        width: 100%;\r\n        padding: 10px;\r\n        margin-top: 5px;\r\n        border: 1px solid #ccc;\r\n        border-radius: 4px;\r\n        box-sizing: border-box;\r\n    }\r\n    .form-group input[type=\"submit\"] {\r\n        background-color: #007bff;\r\n        color: white;\r\n        padding: 12px;\r\n        border: none;\r\n        border-radius: 4px;\r\n        cursor: pointer;\r\n        width: 100%;\r\n        font-size: 16px;\r\n        margin-top: 20px;\r\n        font-weight: 600;\r\n    }\r\n    .form-group input[type=\"submit\"]:hover {\r\n        background-color: #0056b3;\r\n    }\r\n<\/style>\r\n<\/head>\r\n<body>\r\n\r\n<div class=\"custom-form-container\">\r\n    <form id=\"form1\" action=\"\/scripts-umc\/redirector.php\" method=\"post\" name=\"formulario\">\r\n        <input name=\"servidor\" type=\"hidden\" value=\"correo.al.umcervantes.cl\" \/>\r\n        <h4><strong>Acceso a Servicios de Internet Estudiantes<\/strong><\/h4>\r\n        <div class=\"form-group\">\r\n            <label for=\"login_username\">Usuario:<\/label>\r\n            <input id=\"login_username\" name=\"login_username\" required=\"\" type=\"text\" \/>\r\n        <\/div>\r\n        <div class=\"form-group\">\r\n            <label for=\"secretkey\">Contrase\u00f1a:<\/label>\r\n            <input id=\"secretkey\" name=\"secretkey\" required=\"\" type=\"password\" \/>\r\n        <\/div>\r\n        <div class=\"form-group\">\r\n            <label for=\"servicio\">Servicio:<\/label>\r\n            <select id=\"servicio\" name=\"servicio\" required=\"\">\r\n                <option value=\"\">-- Seleccione --<\/option>\r\n                <option value=\"SGU\">SGU (Sistema de Gesti\u00f3n Universitaria)<\/option>\r\n                <option value=\"postbecaumc\">Postulaci\u00f3n Beca UMC<\/option>\r\n                <option value=\"solicitudes\">Solicitudes<\/option>\r\n            <\/select>\r\n        <\/div>\r\n        <div class=\"form-group\">\r\n            <input name=\"enviar\" type=\"submit\" value=\"Ir\" \/>\r\n        <\/div>\r\n    <\/form>\r\n<\/div>\r\n\r\n<\/body>\r\n<\/html>\r\n\t\t\t\t<\/div>\n\t\t\t\t<\/div>\n\t\t\t\t<\/div>\n\t\t<div data-particle_enable=\"false\" data-particle-mobile-disabled=\"false\" class=\"elementor-element elementor-element-34907492 e-con-full e-flex e-con e-child\" data-id=\"34907492\" data-element_type=\"container\" data-e-type=\"container\">\n\t\t\t\t<div class=\"elementor-element elementor-element-34c48f7b elementor-widget elementor-widget-heading\" data-id=\"34c48f7b\" data-element_type=\"widget\" data-e-type=\"widget\" data-widget_type=\"heading.default\">\n\t\t\t\t<div class=\"elementor-widget-container\">\n\t\t\t\t\t<h2 class=\"elementor-heading-title elementor-size-default\">Instructivos<\/h2>\t\t\t\t<\/div>\n\t\t\t\t<\/div>\n\t\t\t\t<div class=\"elementor-element elementor-element-fad8f53 elementor-widget elementor-widget-text-editor\" data-id=\"fad8f53\" data-element_type=\"widget\" data-e-type=\"widget\" data-widget_type=\"text-editor.default\">\n\t\t\t\t<div class=\"elementor-widget-container\">\n\t\t\t\t\t\t\t\t\t<ul><li><span style=\"color: #0000ff;\"><a style=\"color: #0000ff;\" href=\"https:\/\/www.umcervantes.cl\/wp-content\/uploads\/2020\/07\/PASO-A-PASO-PARA-VER-CONTRATO-PAGOS-Y-DEUDAS-1.pdf\" target=\"_blank\" rel=\"noopener\">Revisar mi situaci\u00f3n financiera (Contratos, deudas y pagos)\u00a0<\/a><\/span><\/li><li><span style=\"color: #0000ff;\"><a style=\"color: #0000ff;\" href=\"https:\/\/www.umcervantes.cl\/wp-content\/uploads\/2020\/07\/EXCEPCI%C3%93N-FINANCIERA-ONLINE-22-08.pdf\" target=\"_blank\" rel=\"noopener\">Excepci\u00f3n Financiera\u00a0<\/a><\/span><\/li><\/ul>\t\t\t\t\t\t\t\t<\/div>\n\t\t\t\t<\/div>\n\t\t<div data-particle_enable=\"false\" data-particle-mobile-disabled=\"false\" class=\"elementor-element elementor-element-1fe8b945 e-flex e-con-boxed e-con e-child\" data-id=\"1fe8b945\" data-element_type=\"container\" data-e-type=\"container\" data-settings=\"{&quot;background_background&quot;:&quot;classic&quot;}\">\n\t\t\t\t\t<div class=\"e-con-inner\">\n\t\t\t\t<div class=\"elementor-element elementor-element-634d1635 elementor-widget elementor-widget-heading\" data-id=\"634d1635\" data-element_type=\"widget\" data-e-type=\"widget\" data-widget_type=\"heading.default\">\n\t\t\t\t<div class=\"elementor-widget-container\">\n\t\t\t\t\t<h2 class=\"elementor-heading-title elementor-size-default\"><a href=\"https:\/\/tepuedeinteresar.cl\/umc\/index.php\/matricula-2024-estudiantes-antiguos\">Matr\u00edcula 2024 Estudiantes Antiguos<\/a><\/h2>\t\t\t\t<\/div>\n\t\t\t\t<\/div>\n\t\t\t\t\t<\/div>\n\t\t\t\t<\/div>\n\t\t<div data-particle_enable=\"false\" data-particle-mobile-disabled=\"false\" class=\"elementor-element elementor-element-7a3a3fa9 e-con-full e-flex e-con e-child\" data-id=\"7a3a3fa9\" data-element_type=\"container\" data-e-type=\"container\">\n\t\t<div data-particle_enable=\"false\" data-particle-mobile-disabled=\"false\" class=\"elementor-element elementor-element-8f228f0 e-con-full e-flex e-con e-child\" data-id=\"8f228f0\" data-element_type=\"container\" data-e-type=\"container\">\n\t\t<div data-particle_enable=\"false\" data-particle-mobile-disabled=\"false\" class=\"elementor-element elementor-element-4461df6 e-flex e-con-boxed e-con e-child\" data-id=\"4461df6\" data-element_type=\"container\" data-e-type=\"container\" data-settings=\"{&quot;background_background&quot;:&quot;classic&quot;}\">\n\t\t\t\t\t<div class=\"e-con-inner\">\n\t\t\t\t<div class=\"elementor-element elementor-element-5afbaef4 elementor-widget elementor-widget-heading\" data-id=\"5afbaef4\" data-element_type=\"widget\" data-e-type=\"widget\" data-widget_type=\"heading.default\">\n\t\t\t\t<div class=\"elementor-widget-container\">\n\t\t\t\t\t<h2 class=\"elementor-heading-title elementor-size-default\"><a href=\"https:\/\/tepuedeinteresar.cl\/umc\/index.php\/calendario-academico\/\">Calendario Acad\u00e9mico<\/a><\/h2>\t\t\t\t<\/div>\n\t\t\t\t<\/div>\n\t\t\t\t\t<\/div>\n\t\t\t\t<\/div>\n\t\t<div data-particle_enable=\"false\" data-particle-mobile-disabled=\"false\" class=\"elementor-element elementor-element-52ed5c2f e-flex e-con-boxed e-con e-child\" data-id=\"52ed5c2f\" data-element_type=\"container\" data-e-type=\"container\" data-settings=\"{&quot;background_background&quot;:&quot;classic&quot;}\">\n\t\t\t\t\t<div class=\"e-con-inner\">\n\t\t\t\t<div class=\"elementor-element elementor-element-2e7882fd elementor-widget elementor-widget-heading\" data-id=\"2e7882fd\" data-element_type=\"widget\" data-e-type=\"widget\" data-widget_type=\"heading.default\">\n\t\t\t\t<div class=\"elementor-widget-container\">\n\t\t\t\t\t<h2 class=\"elementor-heading-title elementor-size-default\"><a href=\"https:\/\/tepuedeinteresar.cl\/umc\/index.php\/sinergia\/\">SINERGIA<\/a><\/h2>\t\t\t\t<\/div>\n\t\t\t\t<\/div>\n\t\t\t\t\t<\/div>\n\t\t\t\t<\/div>\n\t\t<div data-particle_enable=\"false\" data-particle-mobile-disabled=\"false\" class=\"elementor-element elementor-element-22acc78d e-flex e-con-boxed e-con e-child\" data-id=\"22acc78d\" data-element_type=\"container\" data-e-type=\"container\" data-settings=\"{&quot;background_background&quot;:&quot;classic&quot;}\">\n\t\t\t\t\t<div class=\"e-con-inner\">\n\t\t\t\t<div class=\"elementor-element elementor-element-35083340 elementor-widget elementor-widget-heading\" data-id=\"35083340\" data-element_type=\"widget\" data-e-type=\"widget\" data-widget_type=\"heading.default\">\n\t\t\t\t<div class=\"elementor-widget-container\">\n\t\t\t\t\t<h2 class=\"elementor-heading-title elementor-size-default\"><a href=\"https:\/\/tepuedeinteresar.cl\/umc\/index.php\/asuntos-estudiantiles\/\">\nDAE<\/a><\/h2>\t\t\t\t<\/div>\n\t\t\t\t<\/div>\n\t\t\t\t\t<\/div>\n\t\t\t\t<\/div>\n\t\t\t\t<\/div>\n\t\t<div data-particle_enable=\"false\" data-particle-mobile-disabled=\"false\" class=\"elementor-element elementor-element-79760819 e-con-full e-flex e-con e-child\" data-id=\"79760819\" data-element_type=\"container\" data-e-type=\"container\">\n\t\t<div data-particle_enable=\"false\" data-particle-mobile-disabled=\"false\" class=\"elementor-element elementor-element-273dd37b e-flex e-con-boxed e-con e-child\" data-id=\"273dd37b\" data-element_type=\"container\" data-e-type=\"container\" data-settings=\"{&quot;background_background&quot;:&quot;classic&quot;}\">\n\t\t\t\t\t<div class=\"e-con-inner\">\n\t\t\t\t<div class=\"elementor-element elementor-element-d2ede95 elementor-widget elementor-widget-heading\" data-id=\"d2ede95\" data-element_type=\"widget\" data-e-type=\"widget\" data-widget_type=\"heading.default\">\n\t\t\t\t<div class=\"elementor-widget-container\">\n\t\t\t\t\t<h2 class=\"elementor-heading-title elementor-size-default\"><a href=\"https:\/\/tepuedeinteresar.cl\/umc\/index.php\/estatutos-y-reglamentos\">\nEstatutos y Reglamentos<\/a><\/h2>\t\t\t\t<\/div>\n\t\t\t\t<\/div>\n\t\t\t\t\t<\/div>\n\t\t\t\t<\/div>\n\t\t<div data-particle_enable=\"false\" data-particle-mobile-disabled=\"false\" class=\"elementor-element elementor-element-5ed5c3be e-flex e-con-boxed e-con e-child\" data-id=\"5ed5c3be\" data-element_type=\"container\" data-e-type=\"container\" data-settings=\"{&quot;background_background&quot;:&quot;classic&quot;}\">\n\t\t\t\t\t<div class=\"e-con-inner\">\n\t\t\t\t<div class=\"elementor-element elementor-element-229614a0 elementor-widget elementor-widget-heading\" data-id=\"229614a0\" data-element_type=\"widget\" data-e-type=\"widget\" data-widget_type=\"heading.default\">\n\t\t\t\t<div class=\"elementor-widget-container\">\n\t\t\t\t\t<h2 class=\"elementor-heading-title elementor-size-default\"><a href=\"https:\/\/tepuedeinteresar.cl\/umc\/index.php\/registro-academico-titulos-y-grados\">Registro Acad\u00e9mico<\/a><\/h2>\t\t\t\t<\/div>\n\t\t\t\t<\/div>\n\t\t\t\t\t<\/div>\n\t\t\t\t<\/div>\n\t\t<div data-particle_enable=\"false\" data-particle-mobile-disabled=\"false\" class=\"elementor-element elementor-element-114d30ae e-flex e-con-boxed e-con e-child\" data-id=\"114d30ae\" data-element_type=\"container\" data-e-type=\"container\" data-settings=\"{&quot;background_background&quot;:&quot;classic&quot;}\">\n\t\t\t\t\t<div class=\"e-con-inner\">\n\t\t\t\t<div class=\"elementor-element elementor-element-7f9d11dc elementor-widget elementor-widget-heading\" data-id=\"7f9d11dc\" data-element_type=\"widget\" data-e-type=\"widget\" data-widget_type=\"heading.default\">\n\t\t\t\t<div class=\"elementor-widget-container\">\n\t\t\t\t\t<h2 class=\"elementor-heading-title elementor-size-default\"><a href=\"https:\/\/tepuedeinteresar.cl\/umc\/index.php\/sistema-de-atencion-integral-sai\/?preview_id=630&#038;preview_nonce=c02a659554&#038;preview=true\">SAI\n<\/a><\/h2>\t\t\t\t<\/div>\n\t\t\t\t<\/div>\n\t\t\t\t\t<\/div>\n\t\t\t\t<\/div>\n\t\t\t\t<\/div>\n\t\t\t\t<\/div>\n\t\t\t\t<\/div>\n\t\t\t\t\t<\/div>\n\t\t\t\t<\/div>\n\t\t<div data-particle_enable=\"false\" data-particle-mobile-disabled=\"false\" class=\"elementor-element elementor-element-44859984 e-flex e-con-boxed e-con e-parent\" data-id=\"44859984\" data-element_type=\"container\" data-e-type=\"container\">\n\t\t\t\t\t<div class=\"e-con-inner\">\n\t\t<div data-particle_enable=\"false\" data-particle-mobile-disabled=\"false\" class=\"elementor-element elementor-element-8ae3a33 e-con-full e-flex e-con e-child\" data-id=\"8ae3a33\" data-element_type=\"container\" data-e-type=\"container\">\n\t\t<div data-particle_enable=\"false\" data-particle-mobile-disabled=\"false\" class=\"elementor-element elementor-element-4811c40d e-con-full e-flex e-con e-child\" data-id=\"4811c40d\" data-element_type=\"container\" data-e-type=\"container\">\n\t\t<div data-particle_enable=\"false\" data-particle-mobile-disabled=\"false\" class=\"elementor-element elementor-element-ec7838c e-flex e-con-boxed e-con e-child\" data-id=\"ec7838c\" data-element_type=\"container\" data-e-type=\"container\" data-settings=\"{&quot;background_background&quot;:&quot;classic&quot;}\">\n\t\t\t\t\t<div class=\"e-con-inner\">\n\t\t\t\t<div class=\"elementor-element elementor-element-21fe7df4 elementor-widget elementor-widget-heading\" data-id=\"21fe7df4\" data-element_type=\"widget\" data-e-type=\"widget\" data-widget_type=\"heading.default\">\n\t\t\t\t<div class=\"elementor-widget-container\">\n\t\t\t\t\t<h2 class=\"elementor-heading-title elementor-size-default\"><a href=\"https:\/\/classroom.google.com\/\">Classroom<\/a><\/h2>\t\t\t\t<\/div>\n\t\t\t\t<\/div>\n\t\t\t\t\t<\/div>\n\t\t\t\t<\/div>\n\t\t<div data-particle_enable=\"false\" data-particle-mobile-disabled=\"false\" class=\"elementor-element elementor-element-17c64d31 e-flex e-con-boxed e-con e-child\" data-id=\"17c64d31\" data-element_type=\"container\" data-e-type=\"container\" data-settings=\"{&quot;background_background&quot;:&quot;classic&quot;}\">\n\t\t\t\t\t<div class=\"e-con-inner\">\n\t\t\t\t<div class=\"elementor-element elementor-element-473de9db elementor-widget elementor-widget-heading\" data-id=\"473de9db\" data-element_type=\"widget\" data-e-type=\"widget\" data-widget_type=\"heading.default\">\n\t\t\t\t<div class=\"elementor-widget-container\">\n\t\t\t\t\t<h2 class=\"elementor-heading-title elementor-size-default\"><a href=\"https:\/\/tepuedeinteresar.cl\/umc\/index.php\/solicitud-de-certificaciones\/\">Solicitud de Certificados\n<\/a><\/h2>\t\t\t\t<\/div>\n\t\t\t\t<\/div>\n\t\t\t\t\t<\/div>\n\t\t\t\t<\/div>\n\t\t\t\t<\/div>\n\t\t<div data-particle_enable=\"false\" data-particle-mobile-disabled=\"false\" class=\"elementor-element elementor-element-532b9a8e e-con-full e-flex e-con e-child\" data-id=\"532b9a8e\" data-element_type=\"container\" data-e-type=\"container\">\n\t\t<div data-particle_enable=\"false\" data-particle-mobile-disabled=\"false\" class=\"elementor-element elementor-element-18b44e34 e-flex e-con-boxed e-con e-child\" data-id=\"18b44e34\" data-element_type=\"container\" data-e-type=\"container\" data-settings=\"{&quot;background_background&quot;:&quot;classic&quot;}\">\n\t\t\t\t\t<div class=\"e-con-inner\">\n\t\t\t\t<div class=\"elementor-element elementor-element-5f83e490 elementor-widget elementor-widget-heading\" data-id=\"5f83e490\" data-element_type=\"widget\" data-e-type=\"widget\" data-widget_type=\"heading.default\">\n\t\t\t\t<div class=\"elementor-widget-container\">\n\t\t\t\t\t<h2 class=\"elementor-heading-title elementor-size-default\"><a href=\"https:\/\/tepuedeinteresar.cl\/umc\/index.php\/biblioteca\/\">Biblioteca Virtual<\/a><\/h2>\t\t\t\t<\/div>\n\t\t\t\t<\/div>\n\t\t\t\t\t<\/div>\n\t\t\t\t<\/div>\n\t\t<div data-particle_enable=\"false\" data-particle-mobile-disabled=\"false\" class=\"elementor-element elementor-element-273bc24c e-flex e-con-boxed e-con e-child\" data-id=\"273bc24c\" data-element_type=\"container\" data-e-type=\"container\" data-settings=\"{&quot;background_background&quot;:&quot;classic&quot;}\">\n\t\t\t\t\t<div class=\"e-con-inner\">\n\t\t\t\t<div class=\"elementor-element elementor-element-69752a99 elementor-widget elementor-widget-heading\" data-id=\"69752a99\" data-element_type=\"widget\" data-e-type=\"widget\" data-widget_type=\"heading.default\">\n\t\t\t\t<div class=\"elementor-widget-container\">\n\t\t\t\t\t<h2 class=\"elementor-heading-title elementor-size-default\"><a href=\"https:\/\/tepuedeinteresar.cl\/umc\/index.php\/validacion-de-certificados-oficiales-umc\/\">Validaci\u00f3n de Certificados\n<\/a><\/h2>\t\t\t\t<\/div>\n\t\t\t\t<\/div>\n\t\t\t\t\t<\/div>\n\t\t\t\t<\/div>\n\t\t\t\t<\/div>\n\t\t\t\t<\/div>\n\t\t\t\t\t<\/div>\n\t\t\t\t<\/div>\n\t\t\t\t<\/div>\n\t\t","protected":false},"excerpt":{"rendered":"<p>Zona Postgrado UMC Acceso a Servicios de Internet Estudiantes Acceso a Servicios de Internet Estudiantes Usuario: Contrase\u00f1a: Servicio: &#8212; Seleccione &#8212;SGU (Sistema de Gesti\u00f3n Universitaria)Postulaci\u00f3n Beca UMCSolicitudes Instructivos Revisar mi situaci\u00f3n financiera (Contratos, deudas y pagos)\u00a0 Excepci\u00f3n Financiera\u00a0 Matr\u00edcula 2024 Estudiantes Antiguos Calendario Acad\u00e9mico SINERGIA DAE Estatutos y Reglamentos Registro Acad\u00e9mico SAI Classroom Solicitud de [&hellip;]<\/p>\n","protected":false},"author":1,"featured_media":0,"parent":0,"menu_order":0,"comment_status":"closed","ping_status":"closed","template":"elementor_header_footer","meta":{"footnotes":""},"class_list":["post-23153","page","type-page","status-publish","hentry"],"_links":{"self":[{"href":"https:\/\/tepuedeinteresar.cl\/umc\/wp-json\/wp\/v2\/pages\/23153"}],"collection":[{"href":"https:\/\/tepuedeinteresar.cl\/umc\/wp-json\/wp\/v2\/pages"}],"about":[{"href":"https:\/\/tepuedeinteresar.cl\/umc\/wp-json\/wp\/v2\/types\/page"}],"author":[{"embeddable":true,"href":"https:\/\/tepuedeinteresar.cl\/umc\/wp-json\/wp\/v2\/users\/1"}],"replies":[{"embeddable":true,"href":"https:\/\/tepuedeinteresar.cl\/umc\/wp-json\/wp\/v2\/comments?post=23153"}],"version-history":[{"count":7,"href":"https:\/\/tepuedeinteresar.cl\/umc\/wp-json\/wp\/v2\/pages\/23153\/revisions"}],"predecessor-version":[{"id":23164,"href":"https:\/\/tepuedeinteresar.cl\/umc\/wp-json\/wp\/v2\/pages\/23153\/revisions\/23164"}],"wp:attachment":[{"href":"https:\/\/tepuedeinteresar.cl\/umc\/wp-json\/wp\/v2\/media?parent=23153"}],"curies":[{"name":"wp","href":"https:\/\/api.w.org\/{rel}","templated":true}]}}